
Is 328 a factor of 257116807?
False
Is 2 a factor of 15601839?
False
Is 5 a factor of 40341919?
False
Is 83 a factor of 393276146?
False
Does 232 divide 68189639?
False
Does 204 divide 11428508?
False
Is 4 a factor of 564144?
True
Is 12 a factor of 41537768?
False
Is 1310497056 a multiple of 396?
True
Is 928452196 a multiple of 196?
True
Is 8 a factor of 3879936?
True
Is 49913843 a multiple of 261?
False
Does 4542 divide 140756580?
True
Is 36 a factor of 2563668?
True
Is 773140456 a multiple of 1957?
False
Is 44 a factor of 114910911?
False
Does 34 divide 46907658?
True
Does 193 divide 12712910?
True
Is 1355 a factor of 1124697425?
True
Does 2373 divide 1692603948?
True
Does 56 divide 676718952?
True
Is 858690046 a multiple of 1239?
False
Does 12 divide 1734920760?
True
Is 364 a factor of 2004206204?
True
Does 230 divide 5448501740?
True
Is 57048701 a multiple of 1201?
True
Is 23852434 even?
True
Is 52784893 a multiple of 279?
False
Is 16 a factor of 218429042?
False
Is 186500831 a multiple of 499?
False
Is 234 a factor of 186166943?
False
Is 42 a factor of 207663792?
True
Is 745841952 a multiple of 867?
True
Does 34 divide 339847476?
True
Is 276 a factor of 36189396?
True
Is 12 a factor of 57546345?
False
Is 207353902 a multiple of 141?
False
Is 4 a factor of 24944436?
True
Does 16297 divide 711021813?
True
Is 42889216 a multiple of 34?
False
Is 17 a factor of 2303092?
True
Is 36522750 a multiple of 2750?
True
Does 5358 divide 1132975890?
True
Does 53 divide 138710321?
False
Is 117 a factor of 3037961982?
False
Does 14 divide 34423774?
True
Does 4638 divide 121093016?
False
Does 2 divide 23008062?
True
Is 482322400 a multiple of 172?
True
Does 2 divide 257443168?
True
Is 136451427 a multiple of 49?
True
Is 33 a factor of 180153898?
False
Is 62041376 a multiple of 61?
False
Is 163 a factor of 611898740?
True
Is 6 a factor of 20126286?
True
Is 571 a factor of 341139382?
True
Is 1628146837 a multiple of 60?
False
Is 21 a factor of 2654715?
True
Does 74 divide 800596010?
True
Is 87 a factor of 13538940?
True
Does 10 divide 450784520?
True
Does 138 divide 593762112?
True
Is 44240134 a multiple of 27?
False
Does 76 divide 48550635?
False
Is 342 a factor of 3096429012?
True
Does 326 divide 739034964?
False
Does 16 divide 16277184?
True
Is 156 a factor of 194819976?
True
Does 862 divide 66518966?
False
Is 601 a factor of 86849728?
False
Is 58424012 a multiple of 38?
True
Does 147 divide 370820537?
False
Is 579113195 a multiple of 103?
False
Is 129945024 a multiple of 16?
True
Is 186259152 a multiple of 15?
False
Is 86232500 a multiple of 68?
True
Does 1376 divide 33838164?
False
Does 2127 divide 74715129?
True
Does 8 divide 11531448?
True
Does 255 divide 149030075?
False
Is 7 a factor of 171764012?
True
Does 216 divide 22090968?
True
Is 19 a factor of 8401736?
False
Is 554 a factor of 1044887268?
False
Is 2556 a factor of 446977944?
True
Is 385 a factor of 399239225?
True
Does 1167 divide 835063144?
False
Is 24331860 a multiple of 410?
True
Is 2329708516 a multiple of 1285?
False
Is 3137981665 a multiple of 1085?
True
Does 12 divide 228220298?
False
Is 41073997 a multiple of 539?
False
Is 2125 a factor of 272463250?
True
Is 757 a factor of 4872592?
False
Is 8 a factor of 263162608?
True
Does 1251 divide 1375835904?
False
Is 18634345 a multiple of 574?
False
Is 41 a factor of 30691493?
True
Is 20 a factor of 4553956782?
False
Is 6 a factor of 50682336?
True
Does 4389 divide 114421230?
True
Is 6 a factor of 3583794?
True
Is 13102934 a multiple of 380?
False
Is 1504 a factor of 47891348?
False
Is 25505558 a multiple of 417?
False
Is 1368779136 a multiple of 1547?
False
Is 13485862 a multiple of 10?
False
Does 10 divide 3093557?
False
Is 221634488 a multiple of 4?
True
Is 364 a factor of 12381096?
True
Is 269301156 a multiple of 8724?
True
Is 957 a factor of 3093590594?
False
Does 988 divide 15652884?
True
Is 41 a factor of 1124794?
True
Does 1416 divide 3775070079?
False
Is 462020108 a multiple of 1996?
True
Is 218 a factor of 18255919?
False
Does 6 divide 91624380?
True
Is 107 a factor of 21019829?
True
Is 179 a factor of 1797160?
True
Is 5870 a factor of 115914890?
True
Does 380 divide 39701260?
True
Is 300022168 a multiple of 347?
False
Does 115 divide 786434347?
False
Is 13740100 a multiple of 44?
True
Is 382446178 a multiple of 34?
True
Is 1970468 a multiple of 12?
False
Does 11304 divide 1828800434?
False
Is 66 a factor of 2418723582?
True
Does 17 divide 15490893?
True
Is 72 a factor of 7352712?
True
Does 546 divide 170192986?
False
Is 8338668290 a multiple of 17?
False
Is 658 a factor of 14277325?
False
Does 2 divide 4669370?
True
Does 86 divide 10710440?
True
Is 5 a factor of 40662014?
False
Is 3384 a factor of 3520585008?
True
Does 634 divide 7528124?
False
Does 72 divide 60555529?
False
Does 344 divide 41997928?
True
Is 121738630 a multiple of 13?
True
Does 48 divide 35467263?
False
Is 157 a factor of 16452896?
False
Does 60 divide 5609640?
True
Does 1082 divide 7595290?
False
Is 19 a factor of 83083713?
True
Is 3585 a factor of 2906929945?
False
Is 23931463 a multiple of 2?
False
Is 130 a factor of 6469357689?
False
Is 158 a factor of 124620446?
True
Is 1764585 a multiple of 9?
True
Is 13 a factor of 24902839?
True
Is 51 a factor of 406428690?
True
Does 36 divide 25926532?
False
Is 827607 a multiple of 341?
True
Is 475 a factor of 91441258?
False
Is 49761448 a multiple of 25?
False
Is 6048263 a multiple of 511?
False
Is 270892048 a multiple of 56?
True
Is 19 a factor of 137382350?
True
Is 9306 a factor of 3925903608?
True
Does 47 divide 50897005?
True
Is 240483789 a multiple of 39?
True
Does 600 divide 459076829?
False
Does 2403 divide 821833209?
True
Is 4612 a factor of 135574352?
True
Is 31250786 a multiple of 735?
False
Is 585 a factor of 1797705?
True
Is 34300024 a multiple of 177?
False
Is 308 a factor of 133246036?
True
Is 1520631 a multiple of 679?
False
Is 48 a factor of 69731952?
True
Does 11 divide 20639265?
False
Is 13 a factor of 95370509?
True
Does 3538 divide 160122804?
True
Is 1301543398 a multiple of 10077?
False
Is 321 a factor of 630289395?
False
Is 12387230 a multiple of 10?
True
Is 6650 a factor of 1329822297?
False
Is 87 a factor of 14743281?
True
Is 2777 a factor of 43248998?
True
Does 23 divide 98650100?
False
Is 206417372 a multiple of 991?
True
Is 434779918 a multiple of 560?
False
Is 628757312 a multiple of 226?
True
Is 72 a factor of 88358472?
True
Is 205 a factor of 77231693?
False
Does 669 divide 79137348?
True
Does 22 divide 47825577?
False
Does 295 divide 59566105?
True
Is 13 a factor of 202117462?
False
Is 211940928 a multiple of 673?
False
Is 644 a factor of 279174644?
True
Does 14 divide 100375842?
True
Does 2171 divide 1470118702?
True
Is 216775222 a multiple of 25?
False
Is 428 a factor of 8406705?
False
Is 3483679324 a multiple of 123?
False
Does 641 divide 28894742?
False
Does 34 divide 523177255?
False
Is 40 a factor of 194962000?
True
Is 64308958 a multiple of 17?
False
Does 4 divide 30504284?
True
Is 41194006 a multiple of 133?
False
Is 13 a factor of 148109130?
True
Is 6585615192 a multiple of 13?
True
Is 16 a factor of 356144702?
False
Is 952 a factor of 302296840?
False
Does 616 divide 1855749280?
True
Is 20 a factor of 657223760?
True
Is 1353936183 a multiple of 219?
True
Is 275 a factor of 792079734?
False
Does 2239 divide 38120026?
False
Does 2 divide 402728?
True
Does 8563 divide 477781148?
True
Is 987565616 a multiple of 7611?
False
Does 161 divide 60909681?
True
Does 10 divide 34271629?
False
Does 45 divide 1043974395?
True
Is 47116801 a multiple of 866?
False
Does 593 divide 993817595?
True
Is 89065370 a multiple of 1239?
False
Is 65770612 a multiple of 334?
True
Is 1883623583 a multiple of 1336?
False
Is 19 a factor of 2446293?
False
Is 1130 a factor of 28156210?
True
Is 73064690 a multiple of 4541?
True
Is 7 a factor of 1358676970?
True
Is 3161 a factor of 413105801?
False
Is 2764899 a multiple of 361?
True
Does 5 divide 230620245?
True
Does 147 divide 4282257?
True
Is 1863696206 a multiple of 1065?
False
Does 245 divide 186480503?
False
Is 4579133492 a multiple of 14?
False
Is 56 a factor of 117477855?
False
Is 38372314 a multiple of 154?
False
Is 1886988545 a multiple of 157?
False
